3636 (base 10) to base 11
-16838
Convert -240705 (base 8) to base 16.
-141c5
Convert -676537 (base 10) to base 9.
-1241027
1100202200022 (base 3) to base 15
e4642
Convert -484108 (base 15) to base 14.
-65d7bb
What is 33231102131 (base 4) in base 2?
1111101101010010011101
22022220012 (base 3) to base 15
3389e
-160652 (base 9) to base 16
-18284
Convert 278b23a (base 12) to base 3.
112212022102101
Convert -217c7 (base 15) to base 6.
-2140311
What is -a3c74 (base 13) in base 8?
-1076664
What is -1111100001110101111 (base 2) in base 9?
-855005
Convert -211303233 (base 4) to base 7.
-1213332
-a81691 (base 11) to base 12
-6b5057
Convert -738a48 (base 14) to base 16.
-3b91f8
200871 (base 9) to base 13
42103
Convert -251453 (base 8) to base 5.
-10234302
571413 (base 8) to base 13
69c97
301174 (base 9) to base 16
2b768
Convert -21222200012 (base 3) to base 5.
-20012401
What is -257b979 (base 13) in base 8?
-54611366
Convert 76711247 (base 8) to base 10.
16487079
What is 40633 (base 11) in base 5?
3344301
1010211122011 (base 3) to base 9
1124564
What is 4007424 (base 8) in base 3?
1222110200010
What is 6816 (base 16) in base 6?
323210
1655642 (base 9) to base 2
11100001010001010101
What is -c6133 (base 14) in base 7?
-4026463
Convert 60986 (base 13) to base 12.
84145
-1022110210 (base 3) to base 10
-25860
4247b0 (base 15) to base 9
5836413
What is 108167 (base 15) in base 3?
1110222010221
What is -2010101001001 (base 3) in base 13?
-306cc4
-76574 (base 10) to base 15
-17a4e
What is -1133220310 (base 4) in base 11?
-248350
What is 119844 (base 10) in base 13?
4271a
Convert -208749 (base 14) to base 13.
-2c6324
What is -334031100 (base 5) in base 9?
-2681464
What is 28504 (base 16) in base 9?
271451
What is -130349 (base 11) in base 16?
-3224e
What is -11abc0 (base 14) in base 5?
-123343004
What is 1005254 (base 6) in base 2?
1011101011100010
114040221 (base 5) to base 7
4352205
425254 (base 8) to base 11
97758
-55232152 (base 8) to base 10
-11875434
Convert 4006425 (base 10) to base 12.
1412649
1110110010101100010 (base 2) to base 4
1312111202
Convert -4014001 (base 5) to base 15.
-13cbb
Convert -104050053 (base 6) to base 10.
-1872753
What is -2237013 (base 11) in base 13?
-a72735
What is -34111214 (base 5) in base 2?
-1001001011100001001
210010111001 (base 3) to base 11
264505
What is 171f4 (base 16) in base 11?
65179
-66b840 (base 13) to base 7
-26416040
752bc (base 16) to base 9
811307
What is -4308711 (base 9) in base 15?
-30939a
-8c963b (base 15) to base 11
-38765a2
Convert -2366052 (base 8) to base 2.
-10011110110000101010
-2251505 (base 6) to base 13
-408b6
-101000011011100000 (base 2) to base 9
-272140
12332213113 (base 4) to base 7
21356224
Convert -29678 (base 10) to base 9.
-44635
Convert -215424011 (base 6) to base 14.
-739ba7
Convert 2677525 (base 8) to base 11.
475124
1b2de (base 15) to base 6
1521145
What is 1021202212101 (base 3) in base 10?
684433
110010100111011011 (base 2) to base 10
207323
176c761 (base 13) to base 8
35054224
402177 (base 14) to base 5
1023011320
Convert -10101101011101111111 (base 2) to base 9.
-1302584
What is 16b1f0 (base 16) in base 8?
5530760
11759c (base 16) to base 5
243103340
194327 (base 10) to base 12
9455b
What is 404143 (base 6) in base 2?
111110100011111
What is -8202b9 (base 13) in base 4?
-23203033310
What is -4032532 (base 6) in base 15?
-3b97e
What is 176867 (base 9) in base 14?
2c175
What is -461216 (base 8) in base 9?
-257358
Convert 241022223 (base 5) to base 3.
2002102220212
Convert -102432 (base 5) to base 2.
-110110100100
-5bbd1 (base 14) to base 15
-46838
1004a (base 14) to base 7
220123
Convert -5153601 (base 7) to base 13.
-18860a
Convert 10000000000111011101011 (base 2) to base 10.
4198123
Convert 4243101 (base 6) to base 3.
101120101101
-3b070 (base 12) to base 10
-81300
3155533 (base 6) to base 8
457561
Convert 10452115 (base 6) to base 14.
83c63
110323021131 (base 4) to base 9
11280180
Convert -1555606 (base 7) to base 16.
-34a98
27a896 (base 14) to base 5
322424300
What is -4cb092 (base 14) in base 9?
-4866862
What is 2200012 (base 5) in base 12?
19857
What is -200020212001220 (base 3) in base 8?
-45002766
Convert -27a0960 (base 11) to base 3.
-100001210010002
Convert 354024 (base 8) to base 6.
2331300
Convert -323661 (base 7) to base 4.
-31310031
What is 111100110111011010100 (base 2) in base 12?
802244
-472375 (base 11) to base 8
-2670346
-12101000101202 (base 3) to base 8
-12706665
What is -122323233 (base 4) in base 5?
-12012234
bc737 (base 15) to base 12
24a78a
What is -11552311 (base 7) in base 8?
-3753371
What is -123121 (base 5) in base 9?
-6507
What is 12122112022 (base 3) in base 7?
642116
What is -ba29 (base 13) in base 10?
-25892
-11001011000110111 (base 2) to base 7
-612116
-212041324 (base 6) to base 15
-4dc854
What is 26a141 (base 14) in base 5?
320140322
Convert 734b4 (base 12) to base 6.
3123144
54154214 (base 7) to base 16
46796c
7a2064 (base 14) to base 15
570e6e
What is 1000110101100000100 (base 2) in base 14?
77736
2104103 (base 5) to base 4
20201113
What is 35027460 (base 8) in base 13?
17679a0
-205197 (base 12) to base 3
-221201212121
Convert -144445013 (base 6) to base 5.
-1233221421
-1a33802 (base 11) to base 10
-3430957
21254433 (base 6) to base 3
1011222122010
What is 4360a2 (base 11) in base 15?
db450
What is 1101100010111010111 (base 2) in base 4?
1230113113
-8b9500 (base 15) to base 4
-121122303033
Convert 19965 (base 16) to base 8.
314545
3876a (base 11) to base 6
1104530
What is -22312114 (base 6) in base 16?
-a598e
What is -300232020 (base 4) in base 14?
-52a24
What is 6556805 (base 10) in base 4?
121000302011
-4125415 (base 6) to base 3
-101001220202
-18a1a1 (base 11) to base 13
-a2a21
Convert -40a1b2 (base 12) to base 4.
-3313102112
Convert -81f33 (base 16) to base 11.
-3339a7
-e8ac2a (base 15) to base 14
-1683380
What is -573644 (base 8) in base 16?
-2f7a4
What is 353520 (base 7) in base 3?
10020101210
-315302 (base 7) to base 13
-1bb78
What is -141a43a (base 11) in base 13?
-6776c9
What is 22b64 (base 14) in base 12?
40b30
-433003131 (base 5) to base 12
-74b286
Convert -9d99b (base 15) to base 12.
-20239b
What is -303000031 (base 4) in base 10?
-208909
What is -11457517 (base 9) in base 14?
-a56ad9
Convert 321774 (base 10) to base 14.
8539c
-130000023 (base 4) to base 7
-655254
-151226 (base 11) to base 4
-321211101
Convert -809488 (base 10) to base 9.
-1463361
-121535 (base 12) to base 8
-1073671
Convert -304515 (base 10) to base 13.
-a87b3
Convert -83475 (base 13) to base 4.
-321211023
What is -54a066 (base 14) in base 4?
-22330300222
Convert -332023333 (base 4) to base 15.
-50714
Convert 1130313312 (base 4) to base 16.
5cdf6
222032 (base 4) to base 8
5216
Convert 2b9c9a (base 13) to base 3.
2000210200022
Convert 1110022 (base 8) to base 12.
12506a
Convert -263cc (base 13) to base 15.
-1606e
What is -355d38 (base 14) in base 4?
-12330302232
-1100010100 (base 2) to base 14
-404
Convert 42313001 (base 6) to base 8.
4562471
What is -651504 (base 14) in base 11?
-1a28623
Convert e3d028 (base 16) to base 7.
240621403
Convert -77076244 (base 8) to base 10.
-16546980
-3250405 (base 7) to base 8
-1412657
3300124 (base 6) to base 13
59473
-7910240 (base 10) to base 14
-109ca52
What is 1022101001010002 (base 3) in base 7?
315531614
4ee40 (base 15) to base 12
102480
-2055093 (base 11) to base 2
-1101110100100010101100
62323252 (base 8) to base 6
1151130230
2748540 (base 9) to base 14
2b3b94
Convert -12663a (base 14) to base 6.
-21315312
Convert -2a1707 (base 11) to base 7.
-4000203
What is 200463 (base 8) in base 12?
3212b
Convert -16aabb9 (base 12) to base 9.
-8761456
141417 (base 11) to base 12
a81a0
632333 (base 8) to base 9
350227
5553355 (base 6) to base 11
180a39
Convert -33023240 (base 5) to base 2.
-1000101000101000001
What is 11302202 (base 5) in base 16?
19403
Convert -18811510 (base 9) to base 7.
-143605224
What is 25524453 (base 6) in base 13?
23349c
Convert 1022243514 (base 6) to base 11.
6084529
10330033321 (base 4) to base 13
3647a7
154387 (base 14) to base 13
1cc712
What is 29497 (base 13) in base 15?
1804a
-132451312 (base 6) to base 15
-3755a2
What is -5865e (base 15) in base 5?
-33002224
Convert 127886 (base 9) to base 2.
10011000010110